381 is divided by 4476.
9
Calculate the remainder when 24764739 is divided by 5.
4
Calculate the remainder when 124864295 is divided by 37.
25
What is the remainder when 2420027 is divided by 69?
59
Calculate the remainder when 8304272 is divided by 57.
56
Calculate the remainder when 5238258 is divided by 1139.
1136
Calculate the remainder when 136664190 is divided by 36551.
1
Calculate the remainder when 2315379 is divided by 4385.
99
What is the remainder when 26323176 is divided by 298?
240
Calculate the remainder when 57525 is divided by 543.
510
Calculate the remainder when 1899683 is divided by 1899683.
0
What is the remainder when 17505723 is divided by 1049?
11
Calculate the remainder when 237351 is divided by 1074.
1071
What is the remainder when 1228590 is divided by 4935?
4710
What is the remainder when 1238753 is divided by 1238748?
5
Calculate the remainder when 344199 is divided by 38.
33
Calculate the remainder when 2512354 is divided by 3913.
208
What is the remainder when 925557 is divided by 925244?
313
What is the remainder when 1748698 is divided by 291404?
274
What is the remainder when 12429 is divided by 580?
249
Calculate the remainder when 270153 is divided by 35.
23
Calculate the remainder when 952909 is divided by 86627.
12
What is the remainder when 1829871 is divided by 1556?
15
Calculate the remainder when 25645613 is divided by 637.
630
Calculate the remainder when 19050674 is divided by 2986.
2980
What is the remainder when 126111 is divided by 125308?
803
What is the remainder when 1732492 is divided by 59741?
3
Calculate the remainder when 42059564 is divided by 333.
332
Calculate the remainder when 63796625 is divided by 2878.
2877
Calculate the remainder when 4594 is divided by 790.
644
What is the remainder when 3980915 is divided by 22?
15
What is the remainder when 1035368 is divided by 207073?
3
Calculate the remainder when 146188 is divided by 36532.
60
Calculate the remainder when 780681 is divided by 673.
1
What is the remainder when 1253206 is divided by 555?
16
Calculate the remainder when 594923 is divided by 212.
51
What is the remainder when 38281 is divided by 104?
9
What is the remainder when 102412003 is divided by 106?
103
Calculate the remainder when 284176 is divided by 283727.
449
What is the remainder when 1744154 is divided by 97?
94
What is the remainder when 1266150 is divided by 393?
297
Calculate the remainder when 707608 is divided by 44223.
40
Calculate the remainder when 19179775 is divided by 3835954.
5
What is the remainder when 153140 is divided by 1763?
1522
Calculate the remainder when 705090 is divided by 70495.
140
Calculate the remainder when 131703 is divided by 7307.
177
Calculate the remainder when 3307190 is divided by 31799.
94
What is the remainder when 136995956 is divided by 209?
9
What is the remainder when 38897078 is divided by 4910?
58
What is the remainder when 3557631 is divided by 2474?
19
What is the remainder when 41765511 is divided by 249?
243
Calculate the remainder when 88405 is divided by 29460.
25
What is the remainder when 403506258 is divided by 93?
90
Calculate the remainder when 17015680 is divided by 50.
30
Calculate the remainder when 5632618 is divided by 1747.
290
What is the remainder when 81525 is divided by 4715?
1370
What is the remainder when 1556587 is divided by 7272?
379
What is the remainder when 482069 is divided by 1328?
5
What is the remainder when 2460298 is divided by 832?
74
What is the remainder when 26189789 is divided by 2146?
5
What is the remainder when 969665 is divided by 11?
4
What is the remainder when 1037833 is divided by 21620?
73
Calculate the remainder when 4821 is divided by 4810.
11
What is the remainder when 1786747 is divided by 63?
4
What is the remainder when 61100 is divided by 717?
155
What is the remainder when 57147533 is divided by 592?
589
What is the remainder when 148249 is divided by 648?
505
Calculate the remainder when 96953111 is divided by 162.
161
Calculate the remainder when 64848 is divided by 1422.
858
What is the remainder when 7487 is divided by 1897?
1796
Calculate the remainder when 1578404 is divided by 30949.
5
What is the remainder when 2339192 is divided by 594?
20
Calculate the remainder when 251923881 is divided by 2148.
2145
What is the remainder when 13853563 is divided by 6926748?
67
What is the remainder when 2132049 is divided by 13?
10
Calculate the remainder when 2549124 is divided by 1274469.
186
Calculate the remainder when 6756604 is divided by 10.
4
Calculate the remainder when 131456 is divided by 789.
482
Calculate the remainder when 1047571 is divided by 15.
1
What is the remainder when 90581063 is divided by 7115?
7113
What is the remainder when 1670204 is divided by 36?
20
What is the remainder when 4716974 is divided by 5986?
6
What is the remainder when 21387899 is divided by 5905?
5894
What is the remainder when 1053770 is divided by 1614?
1442
What is the remainder when 23614 is divided by 967?
406
Calculate the remainder when 4111290 is divided by 4111216.
74
What is the remainder when 30377 is divided by 14666?
1045
What is the remainder when 1858517 is divided by 31?
5
Calculate the remainder when 3974283 is divided by 1426.
21
Calculate the remainder when 1620862 is divided by 85.
82
What is the remainder when 32356537 is divided by 51?
46
Calculate the remainder when 18421985 is divided by 9.
2
What is the remainder when 879149 is divided by 6?
5
Calculate the remainder when 132124 is divided by 484.
476
Calculate the remainder when 261720 is divided by 469.
18
Calculate the remainder when 267198 is divided by 4857.
63
Calculate the remainder when 3151944 is divided by 29735.
34
What is the remainder when 3355310 is divided by 7139?
7119
Calculate the remainder when 6460484 is divided by 424.
420
Calculate the remainder when 7530429 is divided by 4368.
4365
Calculate the remainder when 570244 is divided by 381.
268
Calculate the remainder when 80055 is divided by 25300.
4155
What is the remainder when 1697058 is divided by 848521?
16
Calculate the remainder when 71848074 is divided by 5735.
5729
What is the remainder when 54762 is divided by 1165?
7
Calculate the remainder when 1557585 is divided by 43.
39
What is the remainder when 3866825 is divided by 1335?
665
What is the remainder when 707959 is divided by 726?
109
What is the remainder when 1280557 is divided by 75317?
168
What is the remainder when 891948 is divided by 20?
8
What is the remainder when 28298 is divided by 790?
648
Calculate the remainder when 48801 is divided by 3158.
1431
What is the remainder when 5721386 is divided by 22794?
92
What is the remainder when 16100885 is divided by 1066?
21
Calculate the remainder when 107312202 is divided by 429.
426
Calculate the remainder when 1666019 is divided by 23139.
11
What is the remainder when 13316 is divided by 1316?
156
Calculate the remainder when 43200111 is divided by 11.
9
Calculate the remainder when 1165425 is divided by 925.
850
What is the remainder when 7871228 is divided by 2549?
2465
What is the remainder when 370215 is divided by 92549?
19
Calculate the remainder when 28930 is divided by 4696.
754
What is the remainder when 31584011 is divided by 482?
479
Calculate the remainder when 12208829 is divided by 1451.
115
Calculate the remainder when 909944 is divided by 129986.
42
What is the remainder when 531594 is divided by 873?
810
What is the remainder when 39174 is divided by 6799?
5179
Calculate the remainder when 295004 is divided by 937.
786
Calculate the remainder when 16449366 is divided by 36.
30
What is the remainder when 9878403 is divided by 1646395?
33
What is the remainder when 1978393 is divided by 7010?
1573
Calculate the remainder when 32243197 is divided by 256.
253
What is the remainder when 220980 is divided by 7?
4
What is the remainder when 5718840 is divided by 3673?
3652
What is the remainder when 382418 is divided by 191202?
14
What is the remainder when 208478267 is divided by 110?
107
What is the remainder when 2516982 is divided by 722?
90
Calculate the remainder when 30554295 is divided by 1776.
1767
What is the remainder when 3060522 is divided by 43?
40
What is the remainder when 323438 is di